 of 52 and 2665.
13
What is the greatest common factor of 262 and 28427?
131
What is the highest common factor of 96 and 117?
3
What is the greatest common factor of 2685 and 15?
15
Calculate the greatest common divisor of 924 and 3300.
132
Calculate the greatest common factor of 2916 and 81.
81
Calculate the highest common divisor of 24 and 520.
8
Calculate the highest common factor of 836 and 187.
11
Calculate the highest common divisor of 31 and 31.
31
What is the greatest common divisor of 1014 and 104?
26
Calculate the greatest common factor of 783 and 20619.
261
Calculate the greatest common factor of 240 and 8.
8
What is the greatest common factor of 183 and 61?
61
What is the highest common divisor of 88 and 33?
11
What is the highest common divisor of 5856 and 1152?
96
Calculate the greatest common divisor of 1062 and 27.
9
What is the greatest common factor of 616 and 7?
7
What is the highest common factor of 1276 and 836?
44
What is the highest common factor of 259 and 14?
7
What is the greatest common divisor of 54 and 738?
18
What is the highest common divisor of 350 and 112?
14
What is the greatest common divisor of 3100 and 140?
20
What is the greatest common divisor of 6 and 192?
6
What is the greatest common factor of 759 and 69?
69
Calculate the highest common factor of 28 and 154.
14
Calculate the highest common factor of 6745 and 285.
95
What is the highest common divisor of 532 and 56?
28
What is the highest common divisor of 2807 and 7?
7
What is the greatest common factor of 940 and 100?
20
Calculate the greatest common factor of 7 and 34.
1
Calculate the greatest common divisor of 6 and 28.
2
What is the highest common factor of 70 and 8386?
14
Calculate the greatest common divisor of 70 and 280.
70
Calculate the highest common factor of 272 and 2159.
17
What is the highest common factor of 1507 and 274?
137
Calculate the highest common divisor of 14310 and 1325.
265
Calculate the highest common factor of 155 and 2449.
31
What is the highest common factor of 31 and 1643?
31
Calculate the highest common factor of 228 and 4408.
76
What is the greatest common factor of 675 and 54?
27
Calculate the greatest common divisor of 9 and 3.
3
What is the greatest common divisor of 660 and 3540?
60
Calculate the greatest common divisor of 13 and 104.
13
What is the highest common divisor of 387 and 9?
9
Calculate the greatest common divisor of 2 and 1454.
2
What is the highest common factor of 2451 and 129?
129
What is the highest common factor of 92 and 713?
23
Calculate the greatest common divisor of 4056 and 16.
8
What is the highest common factor of 4824 and 469?
67
What is the greatest common divisor of 1343 and 158?
79
What is the highest common divisor of 99 and 55?
11
What is the highest common factor of 153 and 17?
17
What is the highest common factor of 3 and 36?
3
What is the greatest common divisor of 385 and 665?
35
What is the highest common factor of 52 and 39?
13
Calculate the greatest common factor of 41 and 17097.
41
Calculate the highest common factor of 240 and 5820.
60
Calculate the highest common divisor of 2242 and 1062.
118
Calculate the highest common factor of 161 and 46.
23
Calculate the greatest common factor of 4750 and 38.
38
Calculate the greatest common divisor of 28 and 735.
7
Calculate the highest common factor of 63 and 651.
21
Calculate the highest common divisor of 67 and 1206.
67
Calculate the highest common divisor of 288 and 702.
18
What is the greatest common divisor of 46 and 2783?
23
Calculate the highest common divisor of 570 and 38.
38
Calculate the greatest common factor of 1470 and 49.
49
What is the greatest common divisor of 37 and 111?
37
Calculate the highest common divisor of 20 and 11770.
10
Calculate the greatest common divisor of 165 and 135.
15
What is the highest common factor of 55 and 99?
11
What is the highest common divisor of 378 and 333?
9
Calculate the greatest common factor of 10492 and 172.
172
What is the greatest common factor of 312 and 3354?
78
Calculate the greatest common divisor of 3973 and 29.
29
Calculate the highest common divisor of 203 and 12992.
203
Calculate the greatest common factor of 5576 and 4.
4
Calculate the highest common divisor of 376 and 1363.
47
Calculate the highest common divisor of 15 and 515.
5
What is the highest common factor of 1536 and 640?
128
What is the greatest common factor of 52 and 17186?
26
What is the highest common factor of 6198 and 6?
6
What is the highest common factor of 2110 and 230?
10
Calculate the highest common divisor of 341 and 11.
11
Calculate the greatest common factor of 88 and 11198.
22
What is the greatest common divisor of 15 and 5?
5
What is the highest common divisor of 33 and 1331?
11
What is the highest common factor of 20000 and 32?
32
What is the highest common factor of 60 and 36?
12
Calculate the highest common divisor of 36 and 3852.
36
Calculate the highest common factor of 4 and 12.
4
What is the greatest common factor of 208 and 65?
13
Calculate the highest common factor of 1368 and 144.
72
Calculate the highest common divisor of 616 and 11.
11
What is the greatest common divisor of 96 and 1068?
12
What is the highest common divisor of 143 and 154?
11
Calculate the greatest common divisor of 26 and 1898.
26
Calculate the highest common factor of 3695 and 5.
5
Calculate the highest common factor of 291 and 679.
97
What is the highest common divisor of 35 and 2065?
35
What is the greatest common factor of 2 and 415?
1
What is the greatest common factor of 36 and 171?
9
Calculate the highest common divisor of 99 and 504.
9
Calculate the highest common divisor of 287 and 469.
7
Calculate the greatest common factor of 361 and 76.
19
Calculate the greatest common factor of 96 and 336.
48
Calculate the highest common factor of 64 and 144.
16
What is the greatest common divisor of 53522 and 14?
14
What is the highest common divisor of 21 and 609?
21
What is the highest common factor of 33 and 297?
33
Calculate the greatest common factor of 2369 and 69.
23
What is the greatest common factor of 11 and 7073?
11
What is the highest common factor of 6 and 43?
1
What is the highest common factor of 37 and 111?
37
Calculate the highest common divisor of 213 and 12638.
71
Calculate the greatest common divisor of 24 and 496.
8
Calculate the highest common divisor of 52 and 403.
13
Calculate the greatest common divisor of 6 and 44.
2
What is the highest common factor of 110 and 10?
10
What is the greatest common divisor of 54 and 576?
18
Calculate the greatest common divisor of 923 and 213.
71
What is the highest common factor of 8 and 4?
4
Calculate the greatest common factor of 48 and 528.
48
What is the highest common factor of 106 and 18974?
106
What is the greatest common divisor of 102 and 51?
51
What is the highest common factor of 34 and 5882?
34
Calculate the greatest common divisor of 352 and 5192.
88
Calculate the greatest common factor of 8 and 1208.
8
What is the highest common divisor of 49 and 539?
49
Calculate the greatest common factor of 16 and 164.
4
Calculate the highest common divisor of 1755 and 180.
45
Calculate the greatest common factor of 656 and 41.
41
What is the highest common factor of 35 and 140?
35
What is the highest common factor of 32 and 1936?
16
Calculate the greatest common factor of 4928 and 77.
77
What is the highest common divisor of 28 and 33012?
28
Calculate the highest common factor of 7 and 11508.
7
Calculate the highest common divisor of 39 and 1131.
39
What is the greatest common divisor of 109 and 1417?
109
What is the greatest common divisor of 240 and 15?
15
Calculate the highest common divisor of 33992 and 112.
56
What is the greatest common divisor of 276 and 414?
138
Calculate the greatest common factor of 11018 and 14.
14
Calculate the greatest common divisor of 282 and 120.
6
Calculate the greatest common factor of 237 and 6.
3
Calculate the highest common factor of 160 and 7120.
80
Calculate the greatest common factor of 495 and 7755.
165
Calculate the highest common divisor of 2955 and 90.
15
Calculate the highest common factor of 104 and 200.
8
Calculate the highest common factor of 390 and 4160.
130
What is the greatest common factor of 58 and 12238?